3 + -4 + 0 + 6?
-1
What is 0 - 8 - (-7 + -1)?
0
What is the value of (7 + 8 - 12) + 0?
3
What is (0 - (-1 - 0)) + (-93 - -93)?
1
(19 - 11) + (3 - 6)
5
Evaluate 2 + (5 - 1 - 2).
4
6 + 2 + (-8 - 5)
-5
Calculate 1 - -1 - (4 + (2 - 4)).
0
(7 - (4 - 1)) + -6
-2
Evaluate (-1 - 0) + (8 - 4).
3
(-29 - -14) + 7 - -1
-7
What is 6 + (18 - 24) + (1 - 4)?
-3
What is the value of (-17 - -12) + (1 - -6)?
2
What is -3 - (0 + (-2 - 0) + 3)?
-4
Evaluate -3 + 11 + -4 + -2.
2
Calculate (2 - 6) + 2 + 4.
2
What is (2 - 0) + 59 + -53 + -7?
1
Calculate (0 - 6) + (10 - (-10 - -21)).
-7
Calculate 0 - (5 - (7 + 2)).
4
What is (-14 - -14) + (-1 - 0)?
-1
24 + (-2 - (18 + -7))
11
What is (-7 - 1) + (-3 - -4 - 3)?
-10
What is (-3 - (3 - (-1 - -4))) + -1?
-4
What is the value of 3 + (-3 - -2) + (3 - 2)?
3
What is 1 + (6 - -5) - 7 - 0?
5
Calculate (2 - -1) + (-107 - -96).
-8
Evaluate 3 - (-2 + (-1 - -7 - -4)).
-5
Evaluate 18 - 24 - (0 - 8).
2
(6 - 0 - 0) + -5
1
What is -12 + 1 - (-6 + 0 + 1)?
-6
-2 + -8 + 1 + 3 + 5
-1
Calculate -13 + (-2 - -13) + 3.
1
What is the value of -2 + 2 + 0 + 4 - 1?
3
Calculate (7 + -13 - -4) + -3.
-5
Evaluate (-5 - (0 - (8 + -3))) + -3.
-3
Calculate -1 - 4 - (10 + -9 - 3).
-3
(-6 - -9) + -2 + 1 + 3
5
(4 - (9 + -4)) + (-3 - -2)
-2
Evaluate 4 - (3 + -3 + 0).
4
What is -5 - (-11 + 7 + 1 + 3)?
-5
What is (3 - (1 - 1)) + (0 - -2)?
5
What is the value of 10 - (1 + -1) - 4?
6
-7 - 2 - (-1 + 2 + -4)
-6
What is (8 - 10) + 1 + -2?
-3
Evaluate 0 - (1 + -9 - -7).
1
What is the value of -2 + -9 + 1 + (2 - -2)?
-6
8 - 2 - (0 - (-6 - 8))
-8
Evaluate (3 - 5) + -1 + 4.
1
Evaluate 3 + 1 + 62 + -67 - 6.
-7
Calculate (-3 - 2) + 6 + -8.
-7
Calculate 2 - ((4 - 1) + -4 - -1).
2
(2 - (9 - 5)) + 0 + 3
1
What is the value of -6 + (6 - 6) - -10?
4
What is -3 + (-3 - -3) + 1?
-2
(-3 + 3 - -1) + 3
4
Calculate (-4 - (-11 - -2)) + -4.
1
7 + (-1 - (-3 - -4)) - 11
-6
Evaluate -8 + 7 + 14 + -11.
2
What is the value of -5 - (-5 - (3 - 3))?
0
(-5 - (1 - 3) - 0) + 7
4
1 + (3 - 6) + 0
-2
2 + (0 + -5 - 2) - 0
-5
3 + (0 - 0) + (29 - 33)
-1
2 + 0 + (-5 - (9 + -8))
-4
What is the value of (0 - -5) + (4 - 4)?
5
What is the value of -8 + 2 + -5 + 9?
-2
0 + (-2 - (-11 - -8))
1
Evaluate -1 + 9 + -2 - 5 - 5.
-4
What is the value of -15 + 23 + -1 + -1 + -14?
-8
Calculate 4 - (9 - 18 - -11).
2
What is the value of -2 - (5 - 7) - (-1 - 0)?
1
Calculate -66 - -64 - (1 + 3).
-6
Calculate 3 - -2 - (2 - -7).
-4
Calculate -72 + 70 - (0 - -1).
-3
What is (11 - 1) + (-19 - -9)?
0
Calculate (-3 - 2) + (24 - 12) + -9.
-2
What is (6 - (0 + 2)) + (3 - 3)?
4
-3 + 1 + (-3 - -5) + 1
1
9 - (-3 + 9 + 1)
2
-3 + 7 - (-2 - (-5 - 1))
0
(10 - 2) + (-83 - -78)
3
(2 - 0) + 33 + -25
10
What is (0 - 2) + 4 + 0 - 0?
2
What is the value of -1 - ((-6 - -4) + 6)?
-5
Calculate 13 + (8 - (-4 - -19)).
6
Calculate 3 + (-9 + 2 - -3).
-1
(-30 - -30) + (1 - 1)
0
What is 0 + -3 + 3 + -1?
-1
1 - -6 - (47 + -38)
-2
What is the value of 15 - 11 - (5 - 4 - -3)?
0
What is 3 + 1 + 1 + -4 - 3?
-2
-1 - (6 - (-2 - 1) - 5)
-5
Calculate -8 + 5 + 6 - (-7 - -12).
-2
9 + (0 + -1 - 0)
8
Evaluate (-7 - -4) + 9 + -14.
-8
Calculate -23 - -17 - (-4 - 2).
0
Calculate -86 + 76 - (0 - 17).
7
What is the value of (2 - 5) + (3 - (-7 + 14))?
-7
Evaluate -10 + 1 + 9 + 8.
8
What is the value of 9 + -4 + 3 + -3?
5
Calculate 5 - (-3 + 2) - (-12 - -20).
-2
What is the value of (-1 - -2) + 2 - 4?
-1
6 + -4 + -8 + 2
-4
Evaluate 0 - (4 - (-1 + -2)) - -2.
-5
What is (23 - 14) + 2 + (-6 - 2)?
3
What is the value of (2 - 1 - (15 - 23)) + -4?
5
3 + 4 + -4 + 1 + -3
1
What is 1 - 6 - (2 + -3)?
-4
What is (52 - 54) + (2 - 4)?
-4
13 + (-1 - 2 - (-55 - -59))
6
Evaluate -3 - (17 + -8 + 2 + -9).
-5
5 + -9 + 1 - (-5 + -1)
3
Calculate (-1 - 1) + 2 - (2 - 1).
-1
What is -3 + 8 - 3 - -1?
3
Calculate 0 - (4 - (-1 - (-8 + 6))).
-3
Calculate 1 + 0 - (-13 - (-22 - -10)).
2
What is the value of 7 - (15 + -7) - 5?
-6
What is the value of (1 - 11) + (3 - 7) - -5?
-9
Evaluate (-8 - 2) + 13 + -3.
0
What is the value of 1 + -9 - -6 - (-11 - -2)?
7
What is (4 + -9 + 3 - 4) + 1?
-5
What is (-1 - -10) + 1 + -5?
5
What is the value of 0 + (0 - 0) + -7 + 9?
2
-8 + -2 - (113 - 130)
7
Evaluate 10 + (11 - 16 - -3).
8
Evaluate -95 + 90 + (2 + -1 - -6).
2
Calculate 0 - 3 - (197 - 200).
0
Evaluate (-6 - -1) + -75 + 81.
1
What is the value of -1 - (11 + -3 - 11)?
2
What is (4 - 4) + 2 - 2?
0
Evaluate 5 + (-3 - 1) + 4 + 1.
6
Calculate 7 + (10 - 24) + 6.
-1
Evaluate 18 - (12 + -3) - 8.
1
-4 + -2 + 2 + -2 + 2
-4
What is the value of -11 + 5 - -2 - -1?
-3
1 - 2 - (-16 + 16)
-1
What is -58 - -63 - (-6 - -1)?
10
5 + 5 + -16 + 6
0
What is -4 - (-4 - (1 + (-10 - -5)))?
-4
What is -19 - -20 - (0 + 3 - -4)?
-6
Evaluate (-2 - -7) + -3 - 1.
1
What is the value of -3 + 0 - (-11 - 5 - -13)?
0
-7 + 8 + 6 + -5
2
What is 17 + -7 + -1 + -6?
3
Calculate 11 - ((6 - 1) + 1) - 2.
3
What is 8 - (0 + (1 - -3))?
4
Calculate (7 - 3) + (11 - 15).
0
Evaluate 0 + -4 - (-9 - -16 - 7).
-4
What is (-3 - (4 - (13 + -6))) + -4?
-4
What is the value of (4 + -5 - -1) + -4?
-4
What is -2 + 2 - 0 - (-3 + 4)?
-1
What is 1 - (2 - (1 + 1))?
1
Calculate -40 + 41 + (-1 - -6).
6
-3 - (0 - (-7 - -5))
-5
What is -3 + (-7 - (3 + -9))?
-4
Evaluate 1 + -2 + -28 + 33 + -3.
1
What is -8 + -2 - (47 + -55)?
-2
Evaluate 9 + -4 + -4 - 2.
-1
Evaluate 1 + -5 + (6 - (-1 - -2)).
1
What is 7 + -3 + 3 + (-3 - -1)?
5
What is the value of -1 - (-4 + 0) - (7 - 3)?
-1
What is the value of (-8 - -1) + (29 - 30) - -3?
-5
Calculate (-13 - -6) + (2 - -5) + -8.
-8
1 + -4 + -9 + 15 - -2
5
Calculate (-4 - (-2 + 1)) + 5 - 2.
0
What is 2 - (0 - (-7 - -1))?
-4
5 - (3 - (-3 + 5))
4
What is the value of 0 - 4 - (16 + -23)?
3
What is the value of (-4 - -3) + 0 - 2?
-3
What is the value of 4 + 0 + -5 + -1?
-2
What is the value of (-18 - -21) + (-2 - -3)?
4
6 + -4 + (-3 - -6)
5
-1 - 0 - (13 + -6 - 9)
1
What is the value of 2 - (-2 + -5 + (11 - 1))?
-1
What is the value of 3 - (2 + 0) - (2 - 5)?
4
-2 - ((3 - 0) + -10)
5
What is -11 + 16 - (2 + 3)?
0
(3 - (6 - (4 - 1))) + -2
-2
What is the value of (3 - 2) + (2 - -2) + 0?
5
What is (0 - 1 - -3) + -2?
0
(-6 - (8 - 11)) + 2
-1
Evaluate -1 + 14 + -4 + -9.
0
What is 16 - 7 - (7 - -2 - 3)?
3
Calculate 8 - (4 + (-3 - -6)) - 3.
-2
What is the value of (-1 - 10 - 2) + 4 - -5?
-4
What is the value of 2 - (7 + (-6 - -1))?
0
What is the value of -4 + -2 + 1 + 2?
-3
What is the value of 2 - (7 + -6 + 4)?
-3
Calculate 4 - (3 + (-1 - (2 + -4))).
0
Evaluate 1 + (-3 - -4) + -6.
-4
What is the value of 2 + -1 - (5 + -1 + -2)?
-1
What is 0 + 1 + (12 - 9)?
4
Evaluate 1 - -1 - (-5 + 16 - 18).
9
Calculate -6 + 8 + (-2 - (3 - 1)).
-2
What is the value of 0 - (-1 - (-11 + 2) - 4)?
-4
What is (-9 + -2 - -7) + (2 - 3)?
-5
Evaluate 47 + -29 - (2 - -12).
4
Calculate 14 + -14 - (2 + -1).
-1
What is (11 - 5) + -10 + (-2 - -10)?
4
Calculate 2 + 2 + -1 + -21 + 23.
5
Calculate -5 + (-2 - 0 - -5).
-2
5 - -1 - ((0 - -6) + 1)
-1
What is the value of -2 + 1 - (3 + -5)?
1
0 + 3 - (5 - 2)
0
What is -10 + 11 - (5 + -6)?
2
What is the value of -7 - (2 + -5 - -1)?
-5
(-5 - (5 + -17)) + -9
-2
Evaluate 0 - 1 - (9 - 8 - 9).
7
What is the value of -12 + 15 + (1 - 8)?
-4
Calculate 0 - -8 - (-1 + -6 + 10).
5
What is the value of -2 + (-2 - (4 - 8) - 2)?
-2
Calculate -4 - (3 + (-4 - -1)).
-4
(1 - (6 + -1)) + 3
-1
What is the value of 3 - (4 + (1 - 0))?
-2
(9 - 4) + -7 + -1
-3
7 + -4 + 2 + -7
-2
(11 - (-1 + 7)) + -4
1
What is 1 + 3 + (-5 - 2) + -1?
-4
What is 2 - (2 - (8 + (-6 - 2)))?
0
8 + -13 + 0 + 0 + 1
-4
Calculate -1 + (3 - 0 - -7).
9
Evaluate -1 + -5 + 3 + (3 - -5).
5
What is the value of -2 + -7 + 4 + 4?
-1
What is the value of 0 + 10 + -4 - 7?
-1
-5 + (3 - 3) + (1 - 0)
-4
What is (-1 - (0 + -1 - 3)) + 2?
5
Calculate (-17 + 9 - -11) + -11.
-8
Evaluate -2 - (7 + -2) - (-11 + 9).
-5
Calculate -8 - (1 - (-2 - (-9 + -4))).
2
What is the value of (15 - 15) + (-5 - -3)?
-2
Evaluate -2 + 3 + -6 + (9 - 4).
0
Evaluate -9 + 10 - (0 - -1).
0
Calculate 9 + -1 + -10 + 4.
2
Calculate 3 - 11 - (-8 + 5).
-5
What is -1 + (4 - 7) + -1?
-5
What is the value of 3 + (-7 - (-5 - -4))?
-3
Evaluate -2 + 4 - 4 - (21 - 22).
-1
What is the value of 11 + (-1 - -1) + -6?
5
-5 - -5 - (-2 + 1)
1
What is the value of -4 - (4 - 5) - -2 - 1?
-2
Evaluate -17 + (0 - -9) + (-3 - -2).
-9
Calculate (3 + 0 - 1